te the highest common factor of 163202 and 26.
26
What is the greatest common factor of 22 and 1991?
11
What is the greatest common divisor of 36 and 477?
9
Calculate the greatest common divisor of 187 and 8228.
187
What is the greatest common divisor of 1244 and 8397?
311
Calculate the highest common factor of 473 and 33.
11
What is the highest common divisor of 24 and 4616?
8
What is the highest common factor of 976 and 16?
16
What is the highest common divisor of 486 and 135?
27
Calculate the greatest common divisor of 256 and 8.
8
Calculate the greatest common divisor of 2508 and 48.
12
Calculate the highest common factor of 448 and 56.
56
Calculate the highest common factor of 44 and 209.
11
What is the greatest common factor of 25 and 100?
25
Calculate the greatest common divisor of 22 and 11.
11
Calculate the highest common factor of 1015 and 105.
35
Calculate the highest common divisor of 5232 and 48.
48
What is the highest common factor of 29937 and 17?
17
Calculate the greatest common factor of 432 and 48.
48
What is the highest common factor of 21 and 27?
3
Calculate the greatest common divisor of 25 and 225.
25
Calculate the highest common divisor of 481 and 13.
13
What is the greatest common factor of 82 and 205?
41
Calculate the highest common divisor of 76 and 247.
19
What is the greatest common divisor of 95 and 460?
5
What is the greatest common factor of 10329 and 99?
33
Calculate the greatest common factor of 6003 and 522.
261
Calculate the highest common factor of 41 and 123.
41
What is the highest common factor of 54 and 1017?
9
What is the highest common factor of 850 and 238?
34
Calculate the highest common factor of 480 and 180.
60
Calculate the highest common divisor of 722 and 20.
2
Calculate the greatest common factor of 56 and 1575.
7
What is the highest common divisor of 35 and 135?
5
What is the greatest common factor of 847 and 231?
77
What is the highest common factor of 289 and 340?
17
What is the highest common factor of 880 and 400?
80
Calculate the greatest common factor of 117 and 13.
13
What is the highest common divisor of 5936 and 256?
16
Calculate the greatest common factor of 1047 and 18497.
349
Calculate the highest common divisor of 9 and 139.
1
Calculate the highest common divisor of 1591 and 370.
37
Calculate the greatest common factor of 21 and 978.
3
What is the greatest common factor of 5 and 23?
1
What is the greatest common divisor of 102 and 24?
6
What is the highest common divisor of 63518 and 91?
91
What is the greatest common factor of 3804 and 108?
12
What is the greatest common factor of 27272 and 42?
14
Calculate the greatest common factor of 77 and 1925.
77
Calculate the highest common factor of 203 and 7656.
29
Calculate the greatest common factor of 6 and 93.
3
What is the greatest common factor of 20 and 145?
5
Calculate the highest common divisor of 473 and 86.
43
What is the highest common factor of 2520 and 342?
18
What is the highest common divisor of 2109 and 342?
57
Calculate the greatest common factor of 4028 and 1272.
212
What is the greatest common factor of 132 and 308?
44
Calculate the highest common divisor of 171 and 72.
9
What is the highest common divisor of 1469 and 1017?
113
Calculate the highest common factor of 5565 and 84.
21
What is the highest common factor of 804 and 201?
201
What is the highest common divisor of 50 and 425?
25
What is the greatest common divisor of 209 and 57?
19
Calculate the greatest common factor of 2 and 162.
2
Calculate the greatest common factor of 40360 and 40.
40
Calculate the greatest common factor of 144 and 252.
36
What is the highest common divisor of 1937 and 104?
13
What is the greatest common divisor of 144 and 27?
9
What is the greatest common factor of 156 and 3822?
78
Calculate the highest common factor of 155 and 10.
5
Calculate the highest common divisor of 68 and 3.
1
Calculate the greatest common factor of 60 and 620.
20
What is the highest common divisor of 1012 and 528?
44
What is the greatest common divisor of 140 and 350?
70
What is the highest common factor of 19 and 2983?
19
What is the highest common factor of 133 and 3838?
19
What is the highest common factor of 187 and 17?
17
What is the highest common divisor of 182 and 78?
26
Calculate the greatest common divisor of 1406 and 38.
38
What is the highest common divisor of 416 and 286?
26
What is the greatest common divisor of 1859 and 1716?
143
What is the greatest common divisor of 90 and 870?
30
Calculate the highest common factor of 1496 and 680.
136
What is the greatest common divisor of 11 and 11?
11
Calculate the greatest common divisor of 60 and 1530.
30
What is the greatest common factor of 402 and 1474?
134
What is the highest common factor of 84 and 196?
28
Calculate the highest common divisor of 20 and 16460.
20
Calculate the highest common divisor of 160 and 1000.
40
What is the highest common divisor of 69 and 21?
3
What is the highest common divisor of 14 and 5306?
14
What is the highest common divisor of 576 and 90?
18
Calculate the highest common factor of 25 and 50.
25
Calculate the greatest common divisor of 50 and 71350.
50
Calculate the highest common factor of 413 and 28.
7
What is the greatest common factor of 2107 and 43?
43
What is the highest common factor of 162 and 351?
27
What is the highest common factor of 1647 and 61?
61
What is the greatest common divisor of 15235 and 22?
11
What is the highest common factor of 7645 and 440?
55
Calculate the highest common factor of 371 and 477.
53
What is the highest common divisor of 8673 and 118?
59
Calculate the greatest common divisor of 665 and 171.
19
Calculate the highest common divisor of 10520 and 40.
40
Calculate the greatest common factor of 703 and 19.
19
What is the highest common factor of 70 and 1890?
70
What is the greatest common divisor of 625 and 325?
25
What is the greatest common factor of 36431 and 17?
17
What is the highest common divisor of 12 and 6186?
6
What is the highest common factor of 32226 and 262?
262
Calculate the highest common divisor of 30704 and 608.
304
Calculate the highest common divisor of 8 and 32.
8
What is the greatest common divisor of 931 and 1197?
133
What is the greatest common factor of 342 and 1045?
19
Calculate the greatest common factor of 9 and 3231.
9
What is the greatest common divisor of 500 and 1940?
20
What is the highest common factor of 11 and 121?
11
What is the greatest common divisor of 68 and 3128?
68
Calculate the greatest common divisor of 1164 and 44.
4
What is the highest common factor of 15 and 11805?
15
What is the highest common factor of 190 and 152?
38
What is the highest common factor of 1365 and 42?
21
What is the greatest common factor of 6 and 281?
1
What is the greatest common divisor of 217 and 62?
31
Calculate the greatest common factor of 98460 and 60.
60
Calculate the highest common factor of 28553 and 7.
7
Calculate the highest common factor of 78 and 4974.
6
What is the highest common factor of 88 and 110?
22
Calculate the highest common factor of 4686 and 12.
6
Calculate the greatest common factor of 2146 and 290.
58
Calculate the highest common factor of 91 and 5967.
13
What is the greatest common divisor of 1477 and 14?
7
What is the highest common factor of 1 and 439?
1
Calculate the greatest common factor of 36120 and 258.
258
What is the highest common divisor of 100 and 5725?
25
Calculate the greatest common factor of 2158 and 664.
166
What is the greatest common factor of 2495 and 20?
5
Calculate the greatest common factor of 275 and 440.
55
What is the greatest common factor of 966 and 84?
42
Calculate the highest common divisor of 266 and 35.
7
What is the greatest common divisor of 149 and 10132?
149
Calculate the greatest common divisor of 20 and 10085.
5
What is the greatest common factor of 4 and 236?
4
Calculate the highest common divisor of 1998 and 2553.
111
Calculate the greatest common factor of 126 and 7.
7
What is the greatest common factor of 63 and 1162?
7
What is the highest common factor of 552 and 48?
24
Calculate the greatest common divisor of 98 and 15337.
49
Calculate the greatest common divisor of 84 and 138.
6
What is the greatest common factor of 45 and 480?
15
Calculate the hi